is divided by 792?
791
What is the remainder when 21296990 is divided by 242?
22
Calculate the remainder when 22942298 is divided by 77.
71
What is the remainder when 96342 is divided by 741?
12
What is the remainder when 1604144 is divided by 311?
6
Calculate the remainder when 155513 is divided by 227.
18
Calculate the remainder when 219555 is divided by 219510.
45
Calculate the remainder when 607060 is divided by 201825.
1585
Calculate the remainder when 248875 is divided by 35453.
704
What is the remainder when 11416289 is divided by 18901?
85
Calculate the remainder when 4151 is divided by 1218.
497
What is the remainder when 38392878 is divided by 2139?
2106
What is the remainder when 993887 is divided by 586?
31
What is the remainder when 79408 is divided by 5290?
58
Calculate the remainder when 1857264 is divided by 230.
14
Calculate the remainder when 216853079 is divided by 163.
161
Calculate the remainder when 694842 is divided by 9912.
1002
What is the remainder when 368626 is divided by 368619?
7
What is the remainder when 23525 is divided by 868?
89
What is the remainder when 297795 is divided by 4517?
4190
Calculate the remainder when 137026 is divided by 176.
98
What is the remainder when 37120 is divided by 9033?
988
What is the remainder when 94205 is divided by 93059?
1146
Calculate the remainder when 151298223 is divided by 25.
23
What is the remainder when 92412 is divided by 3304?
3204
What is the remainder when 2185066 is divided by 727747?
1825
What is the remainder when 18920859 is divided by 3743?
3737
What is the remainder when 1378628 is divided by 25?
3
Calculate the remainder when 700723 is divided by 100052.
359
What is the remainder when 393788 is divided by 65?
18
Calculate the remainder when 14370 is divided by 1741.
442
Calculate the remainder when 316861 is divided by 1603.
1070
What is the remainder when 540803 is divided by 14231?
25
What is the remainder when 168137 is divided by 8001?
116
Calculate the remainder when 640858 is divided by 13622.
624
What is the remainder when 2213364 is divided by 7712?
20
Calculate the remainder when 90825 is divided by 30264.
33
Calculate the remainder when 19324691 is divided by 100.
91
What is the remainder when 487549 is divided by 243774?
1
Calculate the remainder when 627351 is divided by 7.
4
Calculate the remainder when 5897787 is divided by 17.
11
What is the remainder when 114075 is divided by 2281?
25
What is the remainder when 123955 is divided by 20648?
67
What is the remainder when 6004676 is divided by 80?
36
What is the remainder when 33372009 is divided by 821?
1
What is the remainder when 82486304 is divided by 605?
604
What is the remainder when 114454197 is divided by 350?
347
Calculate the remainder when 92985 is divided by 12.
9
Calculate the remainder when 24450862 is divided by 157.
153
What is the remainder when 1727132 is divided by 1727119?
13
What is the remainder when 26060 is divided by 1737?
5
Calculate the remainder when 13466333 is divided by 561097.
5
Calculate the remainder when 11214592 is divided by 2803622.
104
What is the remainder when 39613 is divided by 181?
155
What is the remainder when 1205765 is divided by 1124?
837
What is the remainder when 14409 is divided by 14079?
330
Calculate the remainder when 3536500 is divided by 859.
856
What is the remainder when 3120398 is divided by 2253?
2246
What is the remainder when 19678691 is divided by 24?
11
Calculate the remainder when 1525976 is divided by 117348.
452
Calculate the remainder when 24036 is divided by 5252.
3028
Calculate the remainder when 1152773565 is divided by 3616.
3613
What is the remainder when 21512676 is divided by 522?
12
What is the remainder when 123773 is divided by 1067?
1
Calculate the remainder when 378492 is divided by 194.
192
Calculate the remainder when 5275460 is divided by 879240.
20
Calculate the remainder when 5576336 is divided by 273.
38
What is the remainder when 11827071 is divided by 4230?
4221
What is the remainder when 315254 is divided by 105008?
230
Calculate the remainder when 925666 is divided by 987.
847
Calculate the remainder when 6701969 is divided by 745.
694
Calculate the remainder when 11166546 is divided by 29.
9
Calculate the remainder when 5322323 is divided by 1064461.
18
Calculate the remainder when 9112612 is divided by 636.
4
What is the remainder when 2693485 is divided by 2693464?
21
Calculate the remainder when 162978 is divided by 718.
710
What is the remainder when 81536560 is divided by 15?
10
What is the remainder when 1366518 is divided by 2690?
2688
Calculate the remainder when 17017753 is divided by 133.
4
What is the remainder when 118419 is divided by 1444?
11
Calculate the remainder when 13978 is divided by 13860.
118
Calculate the remainder when 111979 is divided by 613.
413
What is the remainder when 468581 is divided by 267?
263
Calculate the remainder when 894227 is divided by 4299.
35
Calculate the remainder when 12207176 is divided by 437.
18
What is the remainder when 5181635 is divided by 14?
11
Calculate the remainder when 3583303 is divided by 963.
943
Calculate the remainder when 147580 is divided by 496.
268
Calculate the remainder when 15756074 is divided by 1034.
1016
What is the remainder when 24310896 is divided by 1111?
1105
What is the remainder when 83721 is divided by 473?
0
What is the remainder when 23555221 is divided by 23555199?
22
Calculate the remainder when 181975 is divided by 66.
13
Calculate the remainder when 2673101 is divided by 917.
46
Calculate the remainder when 410396 is divided by 9768.
140
What is the remainder when 49442 is divided by 24633?
176
Calculate the remainder when 240707 is divided by 5086.
1665
What is the remainder when 36946 is divided by 36324?
622
What is the remainder when 579695 is divided by 193184?
143
Calculate the remainder when 341835 is divided by 84966.
1971
What is the remainder when 1298373 is divided by 2270?
2203
What is the remainder when 384659539 is divided by 136?
131
Calculate the remainder when 24880 is divided by 7407.
2659
Calculate the remainder when 1298782 is divided by 99893.
173
Calculate the remainder when 1703052 is divided by 170305.
2
Calculate the remainder when 6487860 is divided by 62383.
28
Calculate the remainder when 44793 is divided by 12698.
6699
What is the remainder when 58259107 is divided by 3883940?
7
Calculate the remainder when 3780 is divided by 83.
45
Calculate the remainder when 10563380 is divided by 1714.
1712
What is the remainder when 15950369 is divided by 1795?
1794
Calculate the remainder when 699192 is divided by 626.
576
Calculate the remainder when 669133 is divided by 136.
13
What is the remainder when 158271 is divided by 2262?
2193
What is the remainder when 3602242 is divided by 55?
17
What is the remainder when 3040961 is divided by 5128?
57
Calculate the remainder when 949967053 is divided by 10180.
10173
Calculate the remainder when 18784 is divided by 89.
5
What is the remainder when 2265771 is divided by 60?
51
What is the remainder when 10342643 is divided by 6716?
3
What is the remainder when 877860 is divided by 51625?
235
Calculate the remainder when 53431 is divided by 7628.
35
What is the remainder when 8697511 is divided by 535?
16
Calculate the remainder when 3780761 is divided by 4326.
4163
What is the remainder when 3895670 is divided by 61836?
2
What is the remainder when 10325428 is divided by 66?
58
Calculate the remainder when 582574 is divided by 145630.
54
What is the remainder when 210398511 is divided by 206?
205
What is the remainder when 2250356 is divided by 1995?
1991
Calculate the remainder when 921175 is divided by 8609.
12
What is the remainder when 21492117 is divided by 3594?
3591
Calculate the remainder when 1058787 is divided by 145.
142
What is the remainder when 32725 is divided by 32530?
195
Calculate the remainder when 55802680 is divided by 13.
11
What is the remainder when 1664210 is divided by 830?
60
What is the remainder when 470301154 is divided by 156?
154
What is the remainder when 3465486 is divided by 394?
256
Calculate the remainder when 4453938984 is divided by 98.
96
What is the remainder when 7162337 is divided by 2437?
2431
What is the 